5 - -3 - 9)*-7. Suppose 4*u - i = 19. Calculate the greatest common divisor of u and 3.
3
Let x = 18 + 18. Calculate the greatest common factor of x and 54.
18
Let t be 9/6*84/18. What is the highest common factor of t and 14?
7
Suppose 3*f - 4*k = 382, -f + 82 = -4*k - 40. Let x(m) = m**2 + 6*m - 14. Let p be x(3). Calculate the highest common divisor of f and p.
13
Let l(m) = 42*m + 12*m + 6*m. Let j(b) = -b**2 - 7*b + 9. Let v be j(-8). Let n be l(v). What is the greatest common divisor of 6 and n?
6
Let c(v) = v**3 - 2*v**2 - 2*v + 1. Let h be c(2). Let k be 186/(3 + -1) - h. Calculate the highest common factor of k and 12.
12
Let i be 1*-3*3/(-9). Let b(z) = i - z**2 - 2*z - 5 + 2*z**2. Let m be b(5). Calculate the highest common divisor of 121 and m.
11
Suppose -10*x = -17*x + 1176. What is the greatest common factor of x and 21?
21
Let p be 6/(-8) - 276/(-48). Let c be 2/((-2)/(-3)) + -2. What is the greatest common divisor of c and p?
1
Let b be (-28)/(-6) + 3/9. Let x(l) = 2*l + 4. Let c be x(b). Let s = 10 + -3. Calculate the highest common divisor of c and s.
7
Let g be (-177)/(-9) - 2/3. What is the highest common factor of 133 and g?
19
Let g(i) = 4*i**2 + 9*i - 4. Let n be g(4). What is the highest common factor of 48 and n?
48
Let o = -28 - -41. What is the greatest common divisor of 91 and o?
13
Suppose -4*i - 6 = -5*i. Let d be (4/i)/(2/6). What is the greatest common factor of 4 and d?
2
Let u = -25 - -37. Let n be 3*(3 - (-2)/(-1)). Let v be 2/(3/(18/n)). Calculate the greatest common factor of u and v.
4
Let i = -34 - -49. Suppose 3*t - 51 = i. Calculate the highest common divisor of 2 and t.
2
Suppose 29 = -5*d + s, 0 = 4*d + 4*s - s + 8. Let r(j) = -3*j - 3. Let g be r(d). What is the greatest common factor of g and 4?
4
Suppose -596 = -5*l + 204. Let k = -95 + l. Suppose 5*f - 4*a = 61, -3*f - 2*a = -20 - 21. What is the greatest common factor of f and k?
13
Let j = 67 + -28. Suppose 0 = 2*w - 5*w + j. What is the greatest common divisor of 91 and w?
13
Let g(p) = p**2 + 4*p + 4. Let m(n) = 2*n**2 - 2*n - 5*n + n**2 - 2*n**2 + 4. Let b be m(7). Let o be g(b). What is the highest common divisor of 9 and o?
9
Let g be 120/(-28) - -4 - (-186)/14. What is the greatest common divisor of 117 and g?
13
Let w be (-9)/18 + (-5)/(-2). Calculate the greatest common divisor of w and 4.
2
Suppose -2*z + 458 = 4*b + 130, -5*b + 3*z = -388. Let p be 112/11 + 30/(-165). Calculate the highest common divisor of p and b.
10
Let i(t) = -7*t - 3. Let h be i(-13). Suppose 5*m = 78 - 23. Calculate the greatest common factor of h and m.
11
Let l(h) be the third derivative of -h**6/60 - h**5/15 + 7*h**4/24 + h**3 + h**2. Let x be l(-4). What is the greatest common divisor of 28 and x?
14
Let k(b) = b**2 + 11*b + 57. Let w be k(-14). What is the greatest common factor of 11 and w?
11
Suppose 2*d = 4*d + 14. Let n = d + 17. What is the greatest common factor of n and 2?
2
Suppose -3*k = 4*j - 301, 2*k - 3*k + 103 = 4*j. What is the greatest common factor of 11 and k?
11
Let z(f) = 2*f**2 + 7*f + 6. Let y be z(-5). Let u be (3/(-1))/(y/98). Let n = 28 + u. What is the highest common factor of 2 and n?
2
Suppose 0*x = -3*x + 6. Suppose x*k - 8 = -0. Suppose -k = 3*d - 1, 98 = j + 2*d. What is the greatest common factor of j and 20?
20
Suppose 3*y = y + 20. Suppose 2*n = -3*v + 15, 2*n = -3*v + n + 15. Suppose -3*g + v*g = 140. What is the greatest common divisor of y and g?
10
Let q = -67 + 149. What is the greatest common divisor of q and 41?
41
Suppose -3*v = v. Let c = 6 + v. What is the greatest common factor of c and 12?
6
Let z be 3*(-87)/(-27) + 2/(-3). What is the greatest common factor of z and 144?
9
Let u = 10 + 18. What is the greatest common divisor of u and 84?
28
Let f = -16 + 18. Suppose -f*m + 4*q = -45 + 5, -4*m + 2*q = -56. Calculate the highest common divisor of 48 and m.
12
Suppose -5*u - 326 + 1976 = 0. Calculate the highest common factor of 33 and u.
33
Suppose -3*z - 472 = -1768. Let w = -252 + z. Suppose -5*a - 12 = -112. What is the greatest common factor of a and w?
20
Suppose -g + 3*g - 6 = 0. Suppose -g*h = -7 + 4. Calculate the highest common factor of h and 2.
1
Let f be 0 + -15 + 4/(-4). Let d = -11 - f. Suppose 0 = 4*r - m - 0*m - 49, d*r = -m + 50. Calculate the greatest common factor of 11 and r.
11
Let x = -391 - -600. What is the highest common factor of 11 and x?
11
Let c(p) = 3*p**2 - 2*p + 3. Let y be c(3). What is the greatest common factor of y and 12?
12
Let f be (2 - 0)*-1 + 11. What is the highest common factor of 63 and f?
9
Let r(u) = 18*u - 3. Let x be r(6). Suppose 0 = 18*z - 19*z + 38. Suppose 0 = -5*y + 37 + z. Calculate the greatest common factor of x and y.
15
Suppose 3*i - 2*i = 2. Let x(t) = -t + 43. Let a(y) = 14. Let f(k) = i*x(k) - 7*a(k). Let u be f(-8). Calculate the greatest common divisor of u and 10.
2
Let n(d) = -d**3 - 6*d**2 + 5*d - 10. Let a be n(-7). Calculate the greatest common factor of 24 and a.
4
Let p = 9 + -3. Suppose 6*h - 4*a = h + p, -5*h = -2*a + 2. Let m be (h + 60 - 0) + -2. What is the highest common divisor of 140 and m?
28
Let f(i) = -i**3 - 7*i**2 + 5*i + 7. Let r be f(-8). What is the highest common divisor of 217 and r?
31
Suppose 3*x - 3*w - 16 - 62 = 0, -x + 3*w + 34 = 0. Let i = 25 - -8. What is the highest common factor of x and i?
11
Let u(y) = 2*y - 5*y - 5 + 3*y - 4*y. Let q = -15 - -9. Let v be u(q). What is the greatest common divisor of 209 and v?
19
Suppose -2*u - 5 = 3*b, -2*b - 6 = -0. Suppose -5*m + 272 = u*p, -26 = -m + 5*p + 23. What is the greatest common factor of m and 6?
6
Suppose 18 = -3*u + 78. Suppose -x = 4*x + v - u, 4*x - 5*v - 45 = 0. Suppose 45 = -0*r + x*r. Calculate the highest common divisor of r and 18.
9
Suppose 3*u + 2*q - 86 = 0, 5*q + 8 = -2. Suppose 0 = 5*a - 2*p + 109, 4*p - p + 99 = -5*a. Let h = a + 31. What is the greatest common factor of h and u?
10
Let s(t) = t**3 + 7*t**2 + 5*t - 2. Let h be s(-6). Let c = 41 + -25. What is the greatest common factor of c and h?
4
Suppose 0 = 3*b - 7 + 1. Let o be 482/(-18) + b/(-9). Let f be 42*-6*12/o. What is the greatest common factor of 16 and f?
16
Let g(o) = -o**3 + 7*o**2 + 2*o + 4. Let h be g(4). Let c = 265 + -253. Calculate the greatest common divisor of h and c.
12
Let n be (3*(-12)/90)/((-2)/30). Suppose 2*y - 5 + 1 = 4*b, b + 16 = 3*y. Calculate the highest common factor of n and y.
6
Suppose n - 4 = 3*n. Let t be (-360)/(-8) + 2/n. Calculate the greatest common factor of 4 and t.
4
Let m be 72/(-4)*22/(-4). What is the greatest common divisor of 9 and m?
9
Suppose l + 3*l - 72 = 0. Suppose 0*s = -3*s + 9, -4*p + 12 = 4*s. Let m be (p - -200 - 3) + 1. What is the highest common factor of m and l?
18
Let k be 60/(-9) - (-8)/12. Let p be 2/6 + (-1054)/k. Calculate the highest common factor of p and 16.
16
Let a be (-30)/(-7) + 3/(-42)*4. Let p be (2/(-4))/(1/(-12)). Suppose -3*k + a*u = -5*k + 6, 0 = 3*u + p. What is the greatest common factor of k and 1?
1
Let l(j) = -j**3 - 3*j + 3. Let r be l(0). What is the highest common factor of 39 and r?
3
Let j be (-94)/(-10) - (-24)/40. Calculate the greatest common divisor of j and 110.
10
Suppose n - 5*c - 81 = 0, n - c = -3*c + 46. Let m be (2 - -18)*2/5. What is the greatest common divisor of n and m?
8
Suppose -q - 2 + 0 = 0. Let k be q/(-7) - 19/(-7). Calculate the greatest common divisor of k and 15.
3
Suppose -32 = -3*n + 2*j, -n - j + 1 + 3 = 0. Let r = -15 + 63. Let o be (13 + -1)*r/9. What is the highest common factor of o and n?
8
Let z = 23 - 11. Suppose 4*r = -55 + 79. What is the greatest common factor of z and r?
6
Let a(b) = -11*b**3 - b**2 + b - 2. Let f be a(-2). Let y be 6/15*(21 + (-16)/(-4)). What is the greatest common factor of y and f?
10
Suppose 4*q - 302 + 66 = 0. Suppose -5*w = -q - 116. Calculate the highest common factor of w and 35.
35
Let k = 2 - 0. Suppose -v + 9 = k*v. Calculate the highest common factor of 6 and v.
3
Suppose -h = -5*p - 21, h - 5*p - 144 = -3*h. What is the highest common divisor of 205 and h?
41
Let c(d) = -42*d + 177. Let r be c(4). Suppose -i + p + 45 = 0, 0 = 2*i - 5*i + 4*p + 135. What is the highest common divisor of i and r?
9
Let p = -71 - -145. Suppose 16 = 3*k - p. 